6. Calculate the highest common divisor of v and p.
18
Let w be (((-5)/(-5) - -3) + -10)/(-1). Suppose 3*c = -4*v - 4, -2*c - w = v - 10. Calculate the greatest common divisor of c and 20.
4
Let n be (7038/(-24))/((-3)/8). Calculate the highest common factor of 136 and n.
34
Suppose 4*h + 3*y = 93, -h + 3*y - 2*y = -25. Suppose 4*a = 4*m - h, 2*a - 4 - 26 = -4*m. Calculate the greatest common factor of m and 259.
7
Let l be ((-46)/(-92))/((2/16)/1). Suppose -2*f - 188 = -l*k - 6*f, -2*f - 161 = -3*k. What is the greatest common divisor of k and 51?
51
Suppose -4*v - 14 + 58 = 0. Let k be (40/(-25) - -2)/((-1)/(-5)). Suppose 112*d - k = 110*d. What is the highest common divisor of v and d?
1
Let t(z) = 9*z**2 + 47*z. Let u be t(-5). Let k(y) = -2*y**3 - 19*y**2 - 44*y - 20. Let s be k(u). Calculate the greatest common divisor of s and 40.
40
Suppose -6*t = -5*t + 2*p - 14, -5*p = -2*t - 17. Let m be (t/(-2 + 6))/((-1)/(-33)). What is the greatest common divisor of 88 and m?
11
Suppose 2*q + 4*x - 27220 - 368 = 0, -q + 13797 = 5*x. Suppose -40*j - 2272 = -q. What is the highest common divisor of 64 and j?
32
Let g = 3019 + -1656. What is the greatest common divisor of g and 58?
29
Suppose d + 0*d = 2*p + 29, -5*p = d - 50. Suppose -d = 23*q - 28*q. Suppose -q*y + 145 = -191. What is the greatest common factor of y and 72?
24
Let a = -138 - -141. Let k be a/(-6)*(-20)/(-5). Let n be 2 + k + 6/(-9)*-12. Calculate the highest common factor of 32 and n.
8
Let j be 2/(17216/28480 + 6/(-10)). Calculate the greatest common factor of 623 and j.
89
Let g be (15/((-45)/(-6)) - 4)*4/(-2). What is the highest common divisor of g and 1488?
4
Let m(k) = -k + 23. Let g be m(7). Let c = 811 + -578. Let x = c - 73. Calculate the highest common divisor of g and x.
16
Let h be (-13)/(-52)*(-2548)/(-13). Calculate the greatest common factor of 3283 and h.
49
Let x = -473 + 673. Suppose -6*z + 52 + x = 0. Calculate the greatest common factor of 182 and z.
14
Let y be -10 + (-11)/((-154)/1820). Calculate the highest common divisor of 480 and y.
120
Let p(q) = 3*q**2 - 6*q - 2. Let c be p(3). Suppose 0 = -c*y + 9*y - 5*a - 18, -46 = -2*y - 2*a. Calculate the highest common divisor of 57 and y.
19
Suppose 2*t + 3*s + 1781 = 0, 0 = 19*s - 24*s + 25. Let f = -847 - t. Calculate the greatest common divisor of f and 221.
17
Suppose -37*t + 22120 = -17*t. Suppose 2469 = 11*m - t. Calculate the greatest common factor of 65 and m.
65
Let d = 16 - 6. Let o = 3145 - 3139. What is the highest common factor of d and o?
2
Let y(b) = 3*b**2 - 12*b + 40. Suppose z + c - 8 = 0, -2*z - 4*c + 11 + 1 = 0. Let j be y(z). What is the greatest common divisor of j and 20?
20
Let f = -15867 - -15981. Let c(j) = 20*j - 4. Let k be c(4). Calculate the highest common factor of k and f.
38
Let j be (-59)/(-7) - (-36)/63. Suppose v - j = -2. Let a(c) = -c**3 - 6*c**2 - 7*c + 14. Let u be a(-7). Calculate the highest common divisor of v and u.
7
Suppose 0 = -53*a + 2686 + 585 + 2453. Calculate the greatest common divisor of a and 416.
4
Let s(o) = 38*o - 343. Let x be s(11). Let v = -131 - -251. Calculate the highest common divisor of x and v.
15
Suppose -2*x = x + 9, x = -3*o + 45. Suppose 30*d - 35 = 2485. Calculate the greatest common factor of d and o.
4
Suppose 22*c = 6851 - 3243. Calculate the highest common divisor of 4469 and c.
41
Suppose 7*i - 5*b = 5472, 5*i - 5*b = 571 + 3339. Calculate the greatest common divisor of i and 11.
11
Let r be (-6 - -2 - -4)/(-1). Suppose -4*d - 4*m - 4 = r, d - 6*d + 2*m = -23. Let c be (4/(-6))/(32/(-1296)). Calculate the highest common factor of d and c.
3
Let v be ((-119)/2)/((-255)/28560). What is the greatest common factor of 490 and v?
98
Let c be 369615/(-369)*177/(-5). Calculate the highest common factor of 59 and c.
59
Let x(l) = 4*l**2 + 5*l - 5. Let n be x(2). Suppose -7*o - 7 = -n. Let u be (15/(-9))/(o/(-12)). Calculate the greatest common divisor of u and 20.
10
Let o(u) be the third derivative of 7*u**4/12 + u**3/6 - 3*u**2. Let w = -13 - -14. Let h be o(w). Calculate the greatest common divisor of 105 and h.
15
Let r = -3466 - -3480. Suppose v + 5 = 0, -l - 3*l = -v - 621. Calculate the highest common divisor of l and r.
14
Suppose 0 = -3*d + 53 + 13. Let s be (-6)/(-33) - (-106)/d. Suppose -4*z - 20 = 0, 5*p - s*z - 108 = 87. Calculate the highest common factor of p and 85.
17
Suppose -5*t + 528 = 17*t. Suppose 5*u - 22 - 3 = 0. Suppose -u*j + 569 = 3*q - 213, 2*j - 788 = -3*q. Calculate the greatest common divisor of t and q.
24
Let a be (444/42 + 2)*7. Let z = -24 - -90. What is the highest common factor of z and a?
22
Let f be 4427823/651 - 3/(-7). Calculate the greatest common divisor of 38 and f.
38
Suppose 0 = 4*n - 301 + 37. Let z = -49179 + 49185. What is the greatest common divisor of z and n?
6
Suppose -2*p + 4*l - 87 = -2299, p - l = 1109. What is the greatest common divisor of 64 and p?
8
Let r(u) = -u + 2. Let t be r(-2). Suppose 9*z - 7*z = t. Suppose -n - 3*q = -z*n, -5*q = -25. Calculate the highest common factor of n and 5.
5
Suppose -v + 2*j + 1764 = -34, -19589 = -11*v + j. Calculate the greatest common factor of 580 and v.
20
Suppose 355*p = 235*p + 856*p - 106720. Let u = 534 + -183. Let w be u/6 + (-1)/2. What is the highest common factor of w and p?
29
Let z be 13801/7 - ((-46)/(-7) + -6). What is the highest common factor of z and 365?
73
Let z be (26 - (-880)/(-48))/((-1)/(-3342)). Calculate the greatest common divisor of 46 and z.
46
Let t be 3030/(-9)*(-429)/55. What is the greatest common divisor of t and 26?
26
Suppose -3*g = y - 5*y + 9, 2*g + 2*y - 8 = 0. Let a be (1 - -3)/(-1) + 9. Suppose -a*c = -21 - 4. Calculate the greatest common factor of c and g.
1
Let s = -3 - -7. Let k(x) = 5*x - 25 + 30 - 35*x**2 + 34*x**2. Let z be k(s). Calculate the highest common factor of 6 and z.
3
Let j be (-3)/(-2) - 15/(-18)*-117. Let f be ((-10)/4 + 1)/(j/1408). Let q = 53 - f. Calculate the greatest common divisor of 155 and q.
31
Suppose g + 0*g - 24 = 0. Let z be ((-60)/(-140))/(1/21). What is the greatest common factor of g and z?
3
Let y be ((-4)/6)/(2/174). Let r be (-7356)/105 + (-14)/(-245). Let c = y - r. Calculate the highest common factor of c and 6.
6
Let f = 3550 + -2625. Calculate the greatest common factor of 2035 and f.
185
Suppose 48 = 11*l + l. Let i be l/(-10) - (-352)/55. Calculate the greatest common factor of i and 72.
6
Let i(v) = -3*v**3 + 3*v + 0*v**3 - 3*v**3 - 3*v**3 + 1 - v**2. Let n be i(-2). Let x = 22216 + -22174. Calculate the greatest common factor of n and x.
21
Suppose 53 = 2*a + v, -2*a = -v + 1 - 64. What is the greatest common divisor of a and 1827?
29
Let z = -274 - -80. Let s = z - -198. Calculate the highest common factor of s and 4.
4
Let r = 3793 - 3280. What is the highest common factor of 19 and r?
19
Let k(m) = m**2 - 55*m + 1442. Let t be k(27). Let c = -24 - -38. Calculate the greatest common divisor of t and c.
14
Let x = 16695 + -12855. What is the greatest common factor of x and 1200?
240
Suppose 0 = 14*b - 215 - 76 + 109. Calculate the greatest common divisor of b and 2587.
13
Let m(y) = -218*y + 5766. Let d be m(-133). Calculate the highest common divisor of d and 40.
40
Suppose -5*c - 5*t + 4440 = 0, 84*t + 2668 = 3*c + 88*t. Calculate the greatest common factor of 153 and c.
17
Suppose 3*j + 3*l - 30 = 0, 0*j - 4*j + 4 = -5*l. Let k(p) = 7*p - 33. Let b be k(j). Suppose -5*r + 36 = -4*r. What is the highest common factor of b and r?
9
Suppose 153 = 3*r - 5*w, 0 = -0*r + 2*r - 4*w - 102. Let l = r + -51. Suppose l = -4*p - 6*p + 420. Calculate the greatest common factor of p and 294.
42
Let l(w) = w**2 + 9*w + 17. Let x be l(-7). Suppose 2 = -2*o - 4*n, -n - x*n = -3*o - 3. Let p = o - -15. What is the greatest common factor of 7 and p?
7
Let w be 22/6 - 4 - (-4448)/6. Suppose -4*p = -4*s - 3*p + 991, 3*s = 3*p + w. Calculate the greatest common factor of s and 8.
8
Suppose -4*f + 72 = 4*j, 2*f + 319*j - 314*j - 51 = 0. What is the highest common divisor of 1 and f?
1
Let g(u) = 6*u**2 + 8*u + 4. Let b be g(5). Let c = -66 + b. Suppose -2*s + 7*s - 20 = 0, 5*o - 5*s - 60 = 0. Calculate the highest common factor of o and c.
16
Suppose -3*v + 699 = 73*l - 70*l, -3*l